ctor of c and 189?
9
Let s be 2 - (-76 - (-18 + 6 - -8)). Calculate the highest common factor of s and 5809.
37
Let k = 1488 - 1397. Calculate the highest common factor of 104 and k.
13
Let f be ((-72)/15 + 0)*(-200)/6. Let j = -4 - 10. Let p(c) = c**2 + 11*c - 26. Let m be p(j). What is the greatest common divisor of m and f?
16
Let s = -209 - -218. Suppose s*y + 180 = 14*y. Calculate the highest common divisor of y and 576.
36
Let b = -5786 + 6056. Calculate the greatest common divisor of b and 189.
27
Let l be (-42537)/(-44) - (-30)/24. Suppose -l = -17*n + 3146. Calculate the greatest common divisor of n and 22.
22
Let d be -3*((-280)/6 + 5) + 5. Suppose d = 5*v - 4*k + 51, 0 = 5*k + 5. Calculate the greatest common divisor of 15 and v.
15
Let c(b) = 28*b + 476. Let u be c(-9). Let n be (-210)/4*96/(-60). Calculate the greatest common factor of u and n.
28
Suppose 3*g - 4*a = 15, 3 + 7 = 2*g - 5*a. Let u be 3267/165 - 4/g. Let f be 39/2 + (-6)/12. What is the greatest common factor of f and u?
19
Suppose 3192*p - 3219*p + 977 = -427. Calculate the greatest common divisor of p and 4303.
13
Suppose -5*z = 5, -z = -2*b + 4*b - 575. Suppose 3*l + 0*l - 30 = 0. Suppose b = l*k - k. Calculate the highest common factor of k and 256.
32
Suppose -5*q = 4*z - z + 2, 5*z + 3*q - 18 = 0. Suppose -18*o + 21*o = -z. Let y be 1/(2 - (3/(-27) - o)). Calculate the greatest common factor of 72 and y.
9
Suppose 4*s + 169 = 661. Suppose -q - 118 = -s. Suppose -1099 + 419 = -q*y. What is the greatest common divisor of 17 and y?
17
Let l(y) = -23*y - 7. Let u(m) = 8*m + 2. Let g(k) = 6*l(k) + 17*u(k). Let t = 15 + -31. Let v be g(t). Calculate the greatest common divisor of 3 and v.
3
Suppose 0 = a - 1 - 0. Suppose 50 = 17*c - 22*c. Let y be (-2)/(-1*c/(-5))*1. Calculate the highest common factor of y and a.
1
Let n be 481 + (-9)/7 + 414/1449. Calculate the greatest common factor of 105 and n.
15
Let j be (-1)/2*(3 - 13). Suppose 32 = 5*c - j*n - 118, 5*c = -4*n + 105. Let v be (4 - c/7) + (-190)/(-14). What is the highest common factor of v and 98?
14
Let d(l) = 444*l**3 - 45*l**2 + 9*l + 2. Let q be d(2). What is the greatest common factor of q and 64?
64
Let v be 0*((-18)/12 + 1) - -180. What is the greatest common divisor of v and 165?
15
Let o = -9148 - -9408. Calculate the highest common divisor of o and 7865.
65
Let w be 1*2*(-21)/(-21). Let i = 3 + w. Suppose 3*k - i*l + 9 = 66, 5*k - 5*l - 85 = 0. What is the highest common factor of 98 and k?
14
Let m(o) = o**3 - 10*o**2 - 23*o + 26. Let b be m(15). Suppose 0 = 159*t - 146*t - b. Calculate the greatest common factor of 899 and t.
31
Suppose 77*f + 58*f - 159*f = -576. What is the greatest common divisor of 51048 and f?
24
Suppose -5276*h - 720 = -5286*h. Calculate the greatest common divisor of h and 10836.
36
Let g = -217 - -254. Let c = g - 13. Let w = 1 + 7. What is the greatest common factor of c and w?
8
Let n = 649 - 385. Let j be (-1 - 9/3) + n/24. Calculate the highest common divisor of j and 35.
7
Let x(g) = -102*g - 390. Let u be x(-10). What is the highest common divisor of 36 and u?
18
Suppose s + 24*g - 3013 = 20*g, -6*s - 5*g + 17907 = 0. What is the highest common divisor of 208 and s?
13
Let q(b) be the first derivative of -b**2 + 6*b - 2. Let u be q(2). Suppose -20 = -4*r, u*r = 3*y + y - 214. Calculate the highest common factor of y and 7.
7
Suppose -1062 = -79*t + 2414. What is the highest common factor of t and 3344?
44
Let d(b) = -2*b**3 + 2*b**3 - b**3 + 40 - 44*b**2 + 32*b**2 - 8*b. Let w be d(-11). Calculate the highest common divisor of 6 and w.
1
Let h = 10214 - 10030. Calculate the greatest common divisor of 1242 and h.
46
Let j(r) = -r + 1. Let o be j(-5). Let p be (-749)/(-21) - (-2)/o*1. Calculate the greatest common factor of p and 9.
9
Let g be 143*(-7 - (-1 - 11)). Let o = 771 - g. What is the greatest common factor of o and 364?
28
Let b(g) = 25*g + 123. Let c be b(-5). Let k(t) = 15*t + 71. Let y be k(c). What is the highest common factor of y and 287?
41
Let g(m) = 65*m + 4. Let h be g(9). Suppose 9*i - 724 = -166. What is the greatest common factor of i and h?
31
Suppose 4*x = 3*i - 378 - 3174, -x = -4*i + 875. Let p = -874 - x. Calculate the greatest common divisor of p and 9.
1
Suppose 65*o - 181040 = 34*o. What is the greatest common factor of o and 80?
80
Let a be 729/36 + 2/(-8). Suppose 5*w - a = -5*w. Suppose 368 = 2*u + 4*b, 2*b + 3*b - 368 = -w*u. Calculate the highest common factor of u and 23.
23
Suppose -9 = 3*p - 99. Suppose i - y - 16 = 0, -3*y - 10 - 14 = -i. Let c be (-22)/(-33) - -4*34/i. What is the greatest common divisor of c and p?
6
Let t(h) = -65*h**2 - 20 + 18*h + 34*h**2 + 32*h**2. Let u be t(-21). Calculate the highest common factor of 301 and u.
43
Let k be 280/56 + (-5)/(-10)*2098. Calculate the greatest common divisor of k and 136.
34
Suppose -2*d + 7 - 2 = k, 5*d - 45 = -5*k. Let t be ((-468)/162)/((-3 + 4)/(-36)). What is the highest common factor of t and k?
13
Suppose 5*d = 2*i - 0*i + 130, 2*d - 4 = 0. Let l be 1059/5 + (-12)/i. Calculate the highest common factor of 4 and l.
4
Let y(i) = -17*i - 11. Let x be y(-8). Let h = 11371 - 11096. What is the greatest common factor of h and x?
25
Suppose 8*q = -78 + 238. Suppose 4*f + q = 4*j, 4*f + 17 = 2*j + j. Let h be 7 + j*4/12. Calculate the highest common factor of h and 72.
8
Let l = -3 + 19. Let q(m) = -160*m + 376. Let r be q(2). Calculate the greatest common factor of l and r.
8
Suppose -5*h + 166 = -4*c, -4*c + 2*c - 5*h = 68. Let q be (-1 + 4 - 0)/((-9)/c). What is the highest common factor of q and 169?
13
Suppose 2*p - 9 = -2*p - 3*t, -3*t + 6 = 3*p. Suppose -i + 4*i - 2 = 5*v, 0 = i - p*v + 2. Suppose i = 2*j - 6. What is the highest common factor of j and 5?
5
Let g be (0 + 1)*-14 - -2. Let b = g - -17. Let j = -14 + 19. Calculate the greatest common divisor of j and b.
5
Suppose 0 = 86*w - 7894 - 2942. What is the greatest common divisor of w and 56?
14
Suppose -3*c = 5*r - 765, -16*r - 730 = -21*r + 4*c. What is the greatest common divisor of r and 222?
6
Let n = 27 + -64. Let l = n + 40. What is the highest common factor of l and 81?
3
Let o(f) = -f**3 + 3*f + 4. Let k be o(-3). Suppose -2*n = 5*h + 1326, -11 + 5 = 2*n. Let s = h - -374. What is the highest common divisor of s and k?
22
Suppose -7*z - 27 = 2*z. Let t = -28 + -11. Let i be (-6)/(-39) + (z - 579/t). Calculate the highest common divisor of 36 and i.
12
Suppose 351*r = 349*r - 642. Let k = -307 - r. What is the greatest common factor of k and 854?
14
Let g be 522/(-12)*(-6724)/123. What is the highest common divisor of g and 174?
58
Let x be 1/(-4) - (1 + 1030/8). Let v = x + 135. Suppose -4*s + 26 = -7*p + 4*p, -v*s = -4*p - 32. Calculate the highest common divisor of 56 and s.
8
Let x be 12 + (-4)/(-12)*21. Calculate the highest common divisor of x and 1596.
19
Suppose 0 = -12*u + 16*u. Suppose 6*g + 124 = 2*k + g, 4*k + g - 292 = u. Calculate the highest common factor of 198 and k.
18
Let z = -88 + 145. Suppose -6*c + z + 21 = 0. Suppose 0 = b + 5*u - c, 0*b + 2*b - 26 = 5*u. What is the highest common factor of b and 208?
13
Let o be (13 - 15)/(-2 + (-1468)/(-736)). Calculate the highest common divisor of 851 and o.
23
Suppose 0 = -2*t - 5*l + 540, 361 = t + 5*l + 101. Calculate the highest common factor of 1 and t.
1
Let a = 10655 - 9676. Calculate the highest common divisor of a and 2047.
89
Suppose -5*s - 3*b + 40 = 0, 4*s - 35 = -0*b - 3*b. Suppose -s*a - 5*a = -2520. What is the greatest common factor of a and 7?
7
Let u = -479 + 547. Suppose -p - u - 1330 = -v, 0 = 2*v + 5*p - 2831. Calculate the highest common divisor of v and 61.
61
Let t(r) = r**2 + 6*r - 17. Let y be 1*((-8)/16)/((-2)/(-36)). Let q be t(y). Let f = q + 6. What is the highest common factor of f and 80?
16
Suppose 0 = 3*j - p - 160, -3*j = p - 54 - 110. Let k(g) = -5*g**2 + 146*g - 56. Let m be k(20). What is the highest common divisor of m and j?
54
Let b be -2*(39/(-2))/(-5 + 2). Let c = 42 + b. Suppose 2*y - y - 261 = 0. What is the greatest common divisor of c and y?
29
Suppose y + 3 = -4*t + 7*t, -5*t = -2*y - 4. Suppose -63 + 13 = -t*g. Let v be 1 - (4/2 - 11). Calculate the highest common factor of g and v.
5
Let x be